 {"id":110,"date":"2024-02-01T18:34:22","date_gmt":"2024-02-01T18:34:22","guid":{"rendered":"http:\/\/www.kasalpopular.net\/?page_id=110"},"modified":"2024-02-06T16:57:03","modified_gmt":"2024-02-06T16:57:03","slug":"110-2","status":"publish","type":"page","link":"http:\/\/www.kasalpopular.net\/?page_id=110","title":{"rendered":"Punt \u00d2mnia Les Arenes"},"content":{"rendered":"<p>[et_pb_section fb_built=\u00bb1&#8243; admin_label=\u00bbHeader &#038; Post Slider\u00bb _builder_version=\u00bb4.18.0&#8243; _module_preset=\u00bbdefault\u00bb background_color=\u00bb#FFFFFF\u00bb min_height=\u00bb268.6px\u00bb custom_padding=\u00bb5px||4px|||\u00bb collapsed=\u00bbon\u00bb global_colors_info=\u00bb{}\u00bb][et_pb_row _builder_version=\u00bb4.23.1&#8243; _module_preset=\u00bbdefault\u00bb global_colors_info=\u00bb{}\u00bb][et_pb_column type=\u00bb4_4&#8243; _builder_version=\u00bb4.23.1&#8243; _module_preset=\u00bbdefault\u00bb global_colors_info=\u00bb{}\u00bb][et_pb_text _builder_version=\u00bb4.18.0&#8243; _module_preset=\u00bb23df5564-9e45-4eb8-b264-480d60285057&#8243; text_font_size=\u00bb24px\u00bb header_font=\u00bbPoppins||||||||\u00bb header_font_size=\u00bb50px\u00bb text_orientation=\u00bbcenter\u00bb global_colors_info=\u00bb{}\u00bb]<\/p>\n<h1><b>PUNT \u00d2MNIA LES ARENES<\/b><\/h1>\n<p>&nbsp;<\/p>\n<p>[\/et_pb_text][\/et_pb_column][\/et_pb_row][et_pb_row column_structure=\u00bb1_2,1_2&#8243; _builder_version=\u00bb4.18.0&#8243; _module_preset=\u00bbdefault\u00bb max_width=\u00bb853px\u00bb custom_margin=\u00bb-20px||||false|false\u00bb custom_padding=\u00bb15px|||||\u00bb global_colors_info=\u00bb{}\u00bb][et_pb_column type=\u00bb1_2&#8243; _builder_version=\u00bb4.18.0&#8243; _module_preset=\u00bbdefault\u00bb global_colors_info=\u00bb{}\u00bb][et_pb_text _builder_version=\u00bb4.18.0&#8243; _module_preset=\u00bbdefault\u00bb text_font_size=\u00bb20px\u00bb custom_padding=\u00bb||3px|||\u00bb global_colors_info=\u00bb{}\u00bb]<\/p>\n<p><span style=\"font-weight: 400;\">\u00d2mnia \u00e9s un espais i equipaments d\u2019utilitzaci\u00f3 p\u00fablica\u00a0 que compta amb el suport d\u2019un professional, que dinamitza l\u2019espai i assessora les persones usu\u00e0ries del <\/span><span style=\"font-weight: 400;\">punt .<br \/><\/span><\/p>\n<p><span style=\"font-weight: 400;\">\u00c9s un espai d\u2019acolliment, d\u2019informaci\u00f3, d\u2019aprenentatge, de socialitzaci\u00f3 i de participaci\u00f3 en la comunitat.<\/span><\/p>\n<p><span style=\"font-weight: 400;\">Fem cursos d\u2019alfabetitzaci\u00f3 digital, d\u2019introducci\u00f3 a l\u2019ofim\u00e0tica tan per adults com per infants, tallers d\u2019orientaci\u00f3 laboral, espai lliure d\u2019acc\u00e9s a Internet<\/span><\/p>\n<p>[\/et_pb_text][\/et_pb_column][et_pb_column type=\u00bb1_2&#8243; _builder_version=\u00bb4.18.0&#8243; _module_preset=\u00bbdefault\u00bb global_colors_info=\u00bb{}\u00bb][et_pb_image src=\u00bbhttp:\/\/www.kasalpopular.net\/wp-content\/uploads\/2024\/02\/clase-225&#215;300.jpg\u00bb title_text=\u00bbclase\u00bb _builder_version=\u00bb4.18.0&#8243; _module_preset=\u00bbdefault\u00bb global_colors_info=\u00bb{}\u00bb][\/et_pb_image][\/et_pb_column][\/et_pb_row][\/et_pb_section][et_pb_section fb_built=\u00bb1&#8243; admin_label=\u00bbFooter\u00bb _builder_version=\u00bb4.18.0&#8243; _module_preset=\u00bbdefault\u00bb background_color=\u00bb#FFFFFF\u00bb background_enable_image=\u00bboff\u00bb background_size=\u00bbcustom\u00bb background_image_width=\u00bb8%\u00bb background_position=\u00bbbottom_right\u00bb background_horizontal_offset=\u00bb30px\u00bb background_vertical_offset=\u00bb30px\u00bb custom_margin=\u00bb-50px||0px||false|false\u00bb saved_tabs=\u00bball\u00bb collapsed=\u00bbon\u00bb global_colors_info=\u00bb{}\u00bb min_height=\u00bb235.4px\u00bb custom_padding=\u00bb||9px|||\u00bb][et_pb_row column_structure=\u00bb1_3,1_3,1_3&#8243; _builder_version=\u00bb4.18.0&#8243; _module_preset=\u00bbdefault\u00bb width=\u00bb66%\u00bb custom_padding=\u00bb34px|||||\u00bb global_colors_info=\u00bb{}\u00bb][et_pb_column type=\u00bb1_3&#8243; _builder_version=\u00bb4.23.1&#8243; _module_preset=\u00bbdefault\u00bb global_colors_info=\u00bb{}\u00bb][et_pb_text _builder_version=\u00bb4.18.0&#8243; _module_preset=\u00bba02eddaa-875a-4989-9aad-555076f8cb7b\u00bb custom_margin=\u00bb||10px||false|false\u00bb global_colors_info=\u00bb{}\u00bb]<\/p>\n<h5>Contacte<\/h5>\n<p>[\/et_pb_text][et_pb_text _builder_version=\u00bb4.18.0&#8243; _module_preset=\u00bbe8e16d8a-e84d-4912-9bb6-97a36696122d\u00bb text_font=\u00bb|300|||||||\u00bb text_text_color=\u00bb#000000&#8243; link_text_color=\u00bb#000000&#8243; custom_margin=\u00bb-13px||-4px||false|false\u00bb global_colors_info=\u00bb{}\u00bb]<\/p>\n<p>659937888<\/p>\n<p>[\/et_pb_text][et_pb_text _builder_version=\u00bb4.18.0&#8243; _module_preset=\u00bbe8e16d8a-e84d-4912-9bb6-97a36696122d\u00bb text_font=\u00bb||||||||\u00bb link_text_color=\u00bb#000000&#8243; min_height=\u00bb48.6px\u00bb custom_margin=\u00bb||20px||false|false\u00bb global_colors_info=\u00bb{}\u00bb]<\/p>\n<p>Carrer de Calaf, 46, 08227 Terrassa, Barcelona<\/p>\n<p>[\/et_pb_text][\/et_pb_column][et_pb_column type=\u00bb1_3&#8243; _builder_version=\u00bb4.23.1&#8243; _module_preset=\u00bbdefault\u00bb global_colors_info=\u00bb{}\u00bb][et_pb_text _builder_version=\u00bb4.18.0&#8243; _module_preset=\u00bba02eddaa-875a-4989-9aad-555076f8cb7b\u00bb custom_margin=\u00bb||3px||false|false\u00bb global_colors_info=\u00bb{}\u00bb]<\/p>\n<h5>Horari<\/h5>\n<p>[\/et_pb_text][et_pb_text _builder_version=\u00bb4.18.0&#8243; _module_preset=\u00bbe8e16d8a-e84d-4912-9bb6-97a36696122d\u00bb text_font=\u00bb|300|||||||\u00bb text_text_color=\u00bb#000000&#8243; link_text_color=\u00bb#000000&#8243; custom_margin=\u00bb||0px||false|false\u00bb custom_padding=\u00bb0px|||||\u00bb global_colors_info=\u00bb{}\u00bb]<\/p>\n<p>Dilluns a Divendres<\/p>\n<p>[\/et_pb_text][et_pb_text _builder_version=\u00bb4.18.0&#8243; _module_preset=\u00bbe8e16d8a-e84d-4912-9bb6-97a36696122d\u00bb text_font=\u00bb||||||||\u00bb link_text_color=\u00bb#000000&#8243; custom_margin=\u00bb||20px||false|false\u00bb global_colors_info=\u00bb{}\u00bb]<\/p>\n<p>10.00 &#8211; 13.00 <\/p>\n<p>[\/et_pb_text][\/et_pb_column][et_pb_column type=\u00bb1_3&#8243; _builder_version=\u00bb4.23.1&#8243; _module_preset=\u00bbdefault\u00bb global_colors_info=\u00bb{}\u00bb][\/et_pb_column][\/et_pb_row][\/et_pb_section]<\/p>\n","protected":false},"excerpt":{"rendered":"<p>PUNT \u00d2MNIA LES ARENES &nbsp;\u00d2mnia \u00e9s un espais i equipaments d\u2019utilitzaci\u00f3 p\u00fablica\u00a0 que compta amb el suport d\u2019un professional, que dinamitza l\u2019espai i assessora les persones usu\u00e0ries del punt . \u00c9s un espai d\u2019acolliment, d\u2019informaci\u00f3, d\u2019aprenentatge, de socialitzaci\u00f3 i de participaci\u00f3 en la comunitat. Fem cursos d\u2019alfabetitzaci\u00f3 digital, d\u2019introducci\u00f3 a l\u2019ofim\u00e0tica tan per adults com [&hellip;]<\/p>\n","protected":false},"author":1,"featured_media":0,"parent":0,"menu_order":0,"comment_status":"closed","ping_status":"closed","template":"","meta":{"_et_pb_use_builder":"on","_et_pb_old_content":"","_et_gb_content_width":"","footnotes":""},"class_list":["post-110","page","type-page","status-publish","hentry"],"_links":{"self":[{"href":"http:\/\/www.kasalpopular.net\/index.php?rest_route=\/wp\/v2\/pages\/110","targetHints":{"allow":["GET"]}}],"collection":[{"href":"http:\/\/www.kasalpopular.net\/index.php?rest_route=\/wp\/v2\/pages"}],"about":[{"href":"http:\/\/www.kasalpopular.net\/index.php?rest_route=\/wp\/v2\/types\/page"}],"author":[{"embeddable":true,"href":"http:\/\/www.kasalpopular.net\/index.php?rest_route=\/wp\/v2\/users\/1"}],"replies":[{"embeddable":true,"href":"http:\/\/www.kasalpopular.net\/index.php?rest_route=%2Fwp%2Fv2%2Fcomments&post=110"}],"version-history":[{"count":9,"href":"http:\/\/www.kasalpopular.net\/index.php?rest_route=\/wp\/v2\/pages\/110\/revisions"}],"predecessor-version":[{"id":175,"href":"http:\/\/www.kasalpopular.net\/index.php?rest_route=\/wp\/v2\/pages\/110\/revisions\/175"}],"wp:attachment":[{"href":"http:\/\/www.kasalpopular.net\/index.php?rest_route=%2Fwp%2Fv2%2Fmedia&parent=110"}],"curies":[{"name":"wp","href":"https:\/\/api.w.org\/{rel}","templated":true}]}}

Punt Òmnia Les Arenes

<p>[et_pb_section fb_built=»1&#8243; admin_label=»Header &#038; Post Slider» _builder_version=»4.18.0&#8243; _module_preset=»default» background_color=»#FFFFFF» min_height=»268.6px» custom_padding=»5px||4px|||» collapsed=»on» global_colors_info=»{}»][et_pb_row _builder_version=»4.23.1&#8243; _module_preset=»default» global_colors_info=»{}»][et_pb_column type=»4_4&#8243; _builder_version=»4.23.1&#8243; _module_preset=»default» global_colors_info=»{}»][et_pb_text _builder_version=»4.18.0&#8243; _module_preset=»23df5564-9e45-4eb8-b264-480d60285057&#8243; text_font_size=»24px» header_font=»Poppins||||||||» header_font_size=»50px» text_orientation=»center» global_colors_info=»{}»]</p>
<h1><b>PUNT ÒMNIA LES ARENES</b></h1>
<p>&nbsp;</p>
<p>[/et_pb_text][/et_pb_column][/et_pb_row][et_pb_row column_structure=»1_2,1_2&#8243; _builder_version=»4.18.0&#8243; _module_preset=»default» max_width=»853px» custom_margin=»-20px||||false|false» custom_padding=»15px|||||» global_colors_info=»{}»][et_pb_column type=»1_2&#8243; _builder_version=»4.18.0&#8243; _module_preset=»default» global_colors_info=»{}»][et_pb_text _builder_version=»4.18.0&#8243; _module_preset=»default» text_font_size=»20px» custom_padding=»||3px|||» global_colors_info=»{}»]</p>
<p><span style="font-weight: 400;">Òmnia és un espais i equipaments d’utilització pública  que compta amb el suport d’un professional, que dinamitza l’espai i assessora les persones usuàries del </span><span style="font-weight: 400;">punt .<br /></span></p>
<p><span style="font-weight: 400;">És un espai d’acolliment, d’informació, d’aprenentatge, de socialització i de participació en la comunitat.</span></p>
<p><span style="font-weight: 400;">Fem cursos d’alfabetització digital, d’introducció a l’ofimàtica tan per adults com per infants, tallers d’orientació laboral, espai lliure d’accés a Internet</span></p>
<p>[/et_pb_text][/et_pb_column][et_pb_column type=»1_2&#8243; _builder_version=»4.18.0&#8243; _module_preset=»default» global_colors_info=»{}»][et_pb_image src=»http://www.kasalpopular.net/wp-content/uploads/2024/02/clase-225&#215;300.jpg» title_text=»clase» _builder_version=»4.18.0&#8243; _module_preset=»default» global_colors_info=»{}»][/et_pb_image][/et_pb_column][/et_pb_row][/et_pb_section][et_pb_section fb_built=»1&#8243; admin_label=»Footer» _builder_version=»4.18.0&#8243; _module_preset=»default» background_color=»#FFFFFF» background_enable_image=»off» background_size=»custom» background_image_width=»8%» background_position=»bottom_right» background_horizontal_offset=»30px» background_vertical_offset=»30px» custom_margin=»-50px||0px||false|false» saved_tabs=»all» collapsed=»on» global_colors_info=»{}» min_height=»235.4px» custom_padding=»||9px|||»][et_pb_row column_structure=»1_3,1_3,1_3&#8243; _builder_version=»4.18.0&#8243; _module_preset=»default» width=»66%» custom_padding=»34px|||||» global_colors_info=»{}»][et_pb_column type=»1_3&#8243; _builder_version=»4.23.1&#8243; _module_preset=»default» global_colors_info=»{}»][et_pb_text _builder_version=»4.18.0&#8243; _module_preset=»a02eddaa-875a-4989-9aad-555076f8cb7b» custom_margin=»||10px||false|false» global_colors_info=»{}»]</p>
<h5>Contacte</h5>
<p>[/et_pb_text][et_pb_text _builder_version=»4.18.0&#8243; _module_preset=»e8e16d8a-e84d-4912-9bb6-97a36696122d» text_font=»|300|||||||» text_text_color=»#000000&#8243; link_text_color=»#000000&#8243; custom_margin=»-13px||-4px||false|false» global_colors_info=»{}»]</p>
<p>659937888</p>
<p>[/et_pb_text][et_pb_text _builder_version=»4.18.0&#8243; _module_preset=»e8e16d8a-e84d-4912-9bb6-97a36696122d» text_font=»||||||||» link_text_color=»#000000&#8243; min_height=»48.6px» custom_margin=»||20px||false|false» global_colors_info=»{}»]</p>
<p>Carrer de Calaf, 46, 08227 Terrassa, Barcelona</p>
<p>[/et_pb_text][/et_pb_column][et_pb_column type=»1_3&#8243; _builder_version=»4.23.1&#8243; _module_preset=»default» global_colors_info=»{}»][et_pb_text _builder_version=»4.18.0&#8243; _module_preset=»a02eddaa-875a-4989-9aad-555076f8cb7b» custom_margin=»||3px||false|false» global_colors_info=»{}»]</p>
<h5>Horari</h5>
<p>[/et_pb_text][et_pb_text _builder_version=»4.18.0&#8243; _module_preset=»e8e16d8a-e84d-4912-9bb6-97a36696122d» text_font=»|300|||||||» text_text_color=»#000000&#8243; link_text_color=»#000000&#8243; custom_margin=»||0px||false|false» custom_padding=»0px|||||» global_colors_info=»{}»]</p>
<p>Dilluns a Divendres</p>
<p>[/et_pb_text][et_pb_text _builder_version=»4.18.0&#8243; _module_preset=»e8e16d8a-e84d-4912-9bb6-97a36696122d» text_font=»||||||||» link_text_color=»#000000&#8243; custom_margin=»||20px||false|false» global_colors_info=»{}»]</p>
<p>10.00 &#8211; 13.00 </p>
<p>[/et_pb_text][/et_pb_column][et_pb_column type=»1_3&#8243; _builder_version=»4.23.1&#8243; _module_preset=»default» global_colors_info=»{}»][/et_pb_column][/et_pb_row][/et_pb_section]</p>

<p>PUNT ÒMNIA LES ARENES &nbsp;Òmnia és un espais i equipaments d’utilització pública  que compta amb el suport d’un professional, que dinamitza l’espai i assessora les persones usuàries del punt . És un espai d’acolliment, d’informació, d’aprenentatge, de socialització i de participació en la comunitat. Fem cursos d’alfabetització digital, d’introducció a l’ofimàtica tan per adults com [&hellip;]</p>
